{"id":439,"date":"2025-12-18T13:12:37","date_gmt":"2025-12-18T12:12:37","guid":{"rendered":"https:\/\/friseur-in-freiburg.de\/?page_id=439"},"modified":"2025-12-26T16:55:22","modified_gmt":"2025-12-26T15:55:22","slug":"home","status":"publish","type":"page","link":"https:\/\/friseur-in-freiburg.de\/","title":{"rendered":"home"},"content":{"rendered":"\n<figure class=\"wp-block-image aligncenter size-full is-resized\"><img loading=\"lazy\" decoding=\"async\" width=\"980\" height=\"226\" src=\"https:\/\/friseur-in-freiburg.de\/wp-content\/uploads\/2025\/12\/1-1-P1030790-001.jpg\" alt=\"\" class=\"wp-image-52\" style=\"aspect-ratio:4.336645236703682;width:520px;height:auto\" srcset=\"https:\/\/friseur-in-freiburg.de\/wp-content\/uploads\/2025\/12\/1-1-P1030790-001.jpg 980w, https:\/\/friseur-in-freiburg.de\/wp-content\/uploads\/2025\/12\/1-1-P1030790-001-300x69.jpg 300w, https:\/\/friseur-in-freiburg.de\/wp-content\/uploads\/2025\/12\/1-1-P1030790-001-768x177.jpg 768w\" sizes=\"auto, (max-width: 980px) 100vw, 980px\" \/><\/figure>\n\n\n\n<p class=\"has-contrast-color has-text-color has-background has-link-color has-medium-font-size wp-elements-6edd433ea1bf3f2927e6299d9ec19b6a\" style=\"background-color:#ede5d3\">&#8222;Markus Vietri Fris\u00f6r ist mehr als nur ein Ort f\u00fcr einen neuen Haarschnitt; es ist ein&nbsp;Friseursalon&nbsp;f\u00fcr Kunden, die ein ganzheitliches Erlebnis suchen. Wer Wert auf eine meisterhafte Ausf\u00fchrung, eine tiefgehende und ehrliche&nbsp;Typberatung&nbsp;sowie eine entspannte, pers\u00f6nliche Atmosph\u00e4re legt, wird hier f\u00fcndig. Der Salon ist die ideale Wahl f\u00fcr alle, die bereit sind, f\u00fcr herausragende Qualit\u00e4t zu bezahlen und ihren Friseurbesuch im Voraus zu planen. Er mag nicht der&nbsp;g\u00fcnstigste Friseur in Freiburg&nbsp;sein, aber f\u00fcr viele ist er aufgrund seiner best\u00e4ndigen Exzellenz und seines einzigartigen Charmes zweifellos einer der besten. Die Kombination aus handwerklichem K\u00f6nnen und einem Ambiente zum Wohlf\u00fchlen macht ihn zu einer klaren Empfehlung f\u00fcr anspruchsvolle Kunden.&#8220; <\/p>\n\n\n\n<p class=\"has-text-align-right has-contrast-color has-text-color has-link-color has-small-font-size wp-elements-c787c561ed29599ef45702d98c6e8e12\">aus: <a href=\"https:\/\/www.haaratelier-rv.de\/\">https:\/\/www.haaratelier-rv.de\/<\/a><\/p>\n","protected":false},"excerpt":{"rendered":"<p>&#8222;Markus Vietri Fris\u00f6r ist mehr als nur ein Ort f\u00fcr einen neuen Haarschnitt; es ist ein&nbsp;Friseursalon&nbsp;f\u00fcr Kunden, die ein ganzheitliches Erlebnis suchen. Wer Wert auf eine meisterhafte Ausf\u00fchrung, eine tiefgehende und ehrliche&nbsp;Typberatung&nbsp;sowie eine entspannte, pers\u00f6nliche Atmosph\u00e4re legt, wird hier f\u00fcndig. Der Salon ist die ideale Wahl f\u00fcr alle, die bereit sind, f\u00fcr herausragende Qualit\u00e4t zu [&hellip;]<\/p>\n","protected":false},"author":1,"featured_media":0,"parent":0,"menu_order":0,"comment_status":"closed","ping_status":"closed","template":"","meta":{"footnotes":""},"class_list":["post-439","page","type-page","status-publish","hentry"],"_links":{"self":[{"href":"https:\/\/friseur-in-freiburg.de\/index.php?rest_route=\/wp\/v2\/pages\/439","targetHints":{"allow":["GET"]}}],"collection":[{"href":"https:\/\/friseur-in-freiburg.de\/index.php?rest_route=\/wp\/v2\/pages"}],"about":[{"href":"https:\/\/friseur-in-freiburg.de\/index.php?rest_route=\/wp\/v2\/types\/page"}],"author":[{"embeddable":true,"href":"https:\/\/friseur-in-freiburg.de\/index.php?rest_route=\/wp\/v2\/users\/1"}],"replies":[{"embeddable":true,"href":"https:\/\/friseur-in-freiburg.de\/index.php?rest_route=%2Fwp%2Fv2%2Fcomments&post=439"}],"version-history":[{"count":12,"href":"https:\/\/friseur-in-freiburg.de\/index.php?rest_route=\/wp\/v2\/pages\/439\/revisions"}],"predecessor-version":[{"id":566,"href":"https:\/\/friseur-in-freiburg.de\/index.php?rest_route=\/wp\/v2\/pages\/439\/revisions\/566"}],"wp:attachment":[{"href":"https:\/\/friseur-in-freiburg.de\/index.php?rest_route=%2Fwp%2Fv2%2Fmedia&parent=439"}],"curies":[{"name":"wp","href":"https:\/\/api.w.org\/{rel}","templated":true}]}}

<figure class="wp-block-image aligncenter size-full is-resized"><img loading="lazy" decoding="async" width="980" height="226" src="https://friseur-in-freiburg.de/wp-content/uploads/2025/12/1-1-P1030790-001.jpg" alt="" class="wp-image-52" style="aspect-ratio:4.336645236703682;width:520px;height:auto" srcset="https://friseur-in-freiburg.de/wp-content/uploads/2025/12/1-1-P1030790-001.jpg 980w, https://friseur-in-freiburg.de/wp-content/uploads/2025/12/1-1-P1030790-001-300x69.jpg 300w, https://friseur-in-freiburg.de/wp-content/uploads/2025/12/1-1-P1030790-001-768x177.jpg 768w" sizes="auto, (max-width: 980px) 100vw, 980px" /></figure>



<p class="has-contrast-color has-text-color has-background has-link-color has-medium-font-size wp-elements-6edd433ea1bf3f2927e6299d9ec19b6a" style="background-color:#ede5d3">&#8222;Markus Vietri Frisör ist mehr als nur ein Ort für einen neuen Haarschnitt; es ist ein&nbsp;Friseursalon&nbsp;für Kunden, die ein ganzheitliches Erlebnis suchen. Wer Wert auf eine meisterhafte Ausführung, eine tiefgehende und ehrliche&nbsp;Typberatung&nbsp;sowie eine entspannte, persönliche Atmosphäre legt, wird hier fündig. Der Salon ist die ideale Wahl für alle, die bereit sind, für herausragende Qualität zu bezahlen und ihren Friseurbesuch im Voraus zu planen. Er mag nicht der&nbsp;günstigste Friseur in Freiburg&nbsp;sein, aber für viele ist er aufgrund seiner beständigen Exzellenz und seines einzigartigen Charmes zweifellos einer der besten. Die Kombination aus handwerklichem Können und einem Ambiente zum Wohlfühlen macht ihn zu einer klaren Empfehlung für anspruchsvolle Kunden.&#8220; </p>



<p class="has-text-align-right has-contrast-color has-text-color has-link-color has-small-font-size wp-elements-c787c561ed29599ef45702d98c6e8e12">aus: <a href="https://www.haaratelier-rv.de/">https://www.haaratelier-rv.de/</a></p>

<p>&#8222;Markus Vietri Frisör ist mehr als nur ein Ort für einen neuen Haarschnitt; es ist ein&nbsp;Friseursalon&nbsp;für Kunden, die ein ganzheitliches Erlebnis suchen. Wer Wert auf eine meisterhafte Ausführung, eine tiefgehende und ehrliche&nbsp;Typberatung&nbsp;sowie eine entspannte, persönliche Atmosphäre legt, wird hier fündig. Der Salon ist die ideale Wahl für alle, die bereit sind, für herausragende Qualität zu [&hellip;]</p>
